{"id":65,"date":"2025-04-07T13:40:59","date_gmt":"2025-04-07T13:40:59","guid":{"rendered":"https:\/\/www.psykiatriroskilde.dk\/?page_id=65"},"modified":"2025-04-08T07:01:15","modified_gmt":"2025-04-08T07:01:15","slug":"aabningstider","status":"publish","type":"page","link":"https:\/\/www.psykiatriroskilde.dk\/index.php\/aabningstider\/","title":{"rendered":"\u00c5bningstider"},"content":{"rendered":"\t\t<div data-elementor-type=\"wp-page\" data-elementor-id=\"65\" class=\"elementor elementor-65\" data-elementor-post-type=\"page\">\n\t\t\t\t<div class=\"elementor-element elementor-element-d95f9dd e-flex e-con-boxed e-con e-parent\" data-id=\"d95f9dd\" data-element_type=\"container\" data-e-type=\"container\">\n\t\t\t\t\t<div class=\"e-con-inner\">\n\t\t\t\t<div class=\"elementor-element elementor-element-231e544 elementor-widget elementor-widget-spacer\" data-id=\"231e544\" data-element_type=\"widget\" data-e-type=\"widget\" data-widget_type=\"spacer.default\">\n\t\t\t\t<div class=\"elementor-widget-container\">\n\t\t\t\t\t\t\t<div class=\"elementor-spacer\">\n\t\t\t<div class=\"elementor-spacer-inner\"><\/div>\n\t\t<\/div>\n\t\t\t\t\t\t<\/div>\n\t\t\t\t<\/div>\n\t\t\t\t<div class=\"elementor-element elementor-element-1a36ac0 elementor-widget elementor-widget-heading\" data-id=\"1a36ac0\" data-element_type=\"widget\" data-e-type=\"widget\" data-widget_type=\"heading.default\">\n\t\t\t\t<div class=\"elementor-widget-container\">\n\t\t\t\t\t<h2 class=\"elementor-heading-title elementor-size-default\">\u00c5bningstider<\/h2>\t\t\t\t<\/div>\n\t\t\t\t<\/div>\n\t\t\t\t\t<\/div>\n\t\t\t\t<\/div>\n\t\t<div class=\"elementor-element elementor-element-4c4769e e-flex e-con-boxed e-con e-parent\" data-id=\"4c4769e\" data-element_type=\"container\" data-e-type=\"container\">\n\t\t\t\t\t<div class=\"e-con-inner\">\n\t\t\t\t<div class=\"elementor-element elementor-element-49d3933 elementor-widget elementor-widget-text-editor\" data-id=\"49d3933\" data-element_type=\"widget\" data-e-type=\"widget\" data-widget_type=\"text-editor.default\">\n\t\t\t\t<div class=\"elementor-widget-container\">\n\t\t\t\t\t\t\t\t\t<p>P.t. er klinikken \u00e5ben mandage og onsdage for sygesikringspatienter dvs med henvisning fra egen l\u00e6ge.<\/p>\t\t\t\t\t\t\t\t<\/div>\n\t\t\t\t<\/div>\n\t\t\t\t\t<\/div>\n\t\t\t\t<\/div>\n\t\t\t\t<\/div>\n\t\t","protected":false},"excerpt":{"rendered":"<p>\u00c5bningstider P.t. er klinikken \u00e5ben mandage og onsdage for sygesikringspatienter dvs med henvisning fra egen l\u00e6ge.<\/p>\n","protected":false},"author":1,"featured_media":0,"parent":0,"menu_order":0,"comment_status":"closed","ping_status":"closed","template":"","meta":{"footnotes":""},"class_list":["post-65","page","type-page","status-publish","hentry"],"yoast_head":"<!-- This site is optimized with the Yoast SEO plugin v27.6 - https:\/\/yoast.com\/product\/yoast-seo-wordpress\/ -->\n<title>\u00c5bningstider - Psykiatri Roskilde<\/title>\n<meta name=\"description\" content=\"Psykiater Terese Knudstorp, Psykiatri Roskilede\" \/>\n<meta name=\"robots\" content=\"index, follow, max-snippet:-1, max-image-preview:large, max-video-preview:-1\" \/>\n<link rel=\"canonical\" href=\"https:\/\/www.psykiatriroskilde.dk\/index.php\/aabningstider\/\" \/>\n<meta property=\"og:locale\" content=\"da_DK\" \/>\n<meta property=\"og:type\" content=\"article\" \/>\n<meta property=\"og:title\" content=\"\u00c5bningstider - Psykiatri Roskilde\" \/>\n<meta property=\"og:description\" content=\"Psykiater Terese Knudstorp, Psykiatri Roskilede\" \/>\n<meta property=\"og:url\" content=\"https:\/\/www.psykiatriroskilde.dk\/index.php\/aabningstider\/\" \/>\n<meta property=\"og:site_name\" content=\"Psykiatri Roskilde\" \/>\n<meta property=\"article:modified_time\" content=\"2025-04-08T07:01:15+00:00\" \/>\n<meta name=\"twitter:card\" content=\"summary_large_image\" \/>\n<script type=\"application\/ld+json\" class=\"yoast-schema-graph\">{\"@context\":\"https:\\\/\\\/schema.org\",\"@graph\":[{\"@type\":\"WebPage\",\"@id\":\"https:\\\/\\\/www.psykiatriroskilde.dk\\\/index.php\\\/aabningstider\\\/\",\"url\":\"https:\\\/\\\/www.psykiatriroskilde.dk\\\/index.php\\\/aabningstider\\\/\",\"name\":\"\u00c5bningstider - Psykiatri Roskilde\",\"isPartOf\":{\"@id\":\"https:\\\/\\\/www.psykiatriroskilde.dk\\\/#website\"},\"datePublished\":\"2025-04-07T13:40:59+00:00\",\"dateModified\":\"2025-04-08T07:01:15+00:00\",\"description\":\"Psykiater Terese Knudstorp, Psykiatri Roskilede\",\"breadcrumb\":{\"@id\":\"https:\\\/\\\/www.psykiatriroskilde.dk\\\/index.php\\\/aabningstider\\\/#breadcrumb\"},\"inLanguage\":\"da-DK\",\"potentialAction\":[{\"@type\":\"ReadAction\",\"target\":[\"https:\\\/\\\/www.psykiatriroskilde.dk\\\/index.php\\\/aabningstider\\\/\"]}]},{\"@type\":\"BreadcrumbList\",\"@id\":\"https:\\\/\\\/www.psykiatriroskilde.dk\\\/index.php\\\/aabningstider\\\/#breadcrumb\",\"itemListElement\":[{\"@type\":\"ListItem\",\"position\":1,\"name\":\"Hjem\",\"item\":\"https:\\\/\\\/www.psykiatriroskilde.dk\\\/\"},{\"@type\":\"ListItem\",\"position\":2,\"name\":\"\u00c5bningstider\"}]},{\"@type\":\"WebSite\",\"@id\":\"https:\\\/\\\/www.psykiatriroskilde.dk\\\/#website\",\"url\":\"https:\\\/\\\/www.psykiatriroskilde.dk\\\/\",\"name\":\"Psykiatri Roskilde\",\"description\":\"\",\"publisher\":{\"@id\":\"https:\\\/\\\/www.psykiatriroskilde.dk\\\/#organization\"},\"potentialAction\":[{\"@type\":\"SearchAction\",\"target\":{\"@type\":\"EntryPoint\",\"urlTemplate\":\"https:\\\/\\\/www.psykiatriroskilde.dk\\\/?s={search_term_string}\"},\"query-input\":{\"@type\":\"PropertyValueSpecification\",\"valueRequired\":true,\"valueName\":\"search_term_string\"}}],\"inLanguage\":\"da-DK\"},{\"@type\":\"Organization\",\"@id\":\"https:\\\/\\\/www.psykiatriroskilde.dk\\\/#organization\",\"name\":\"Psykiatri Roskilde\",\"url\":\"https:\\\/\\\/www.psykiatriroskilde.dk\\\/\",\"logo\":{\"@type\":\"ImageObject\",\"inLanguage\":\"da-DK\",\"@id\":\"https:\\\/\\\/www.psykiatriroskilde.dk\\\/#\\\/schema\\\/logo\\\/image\\\/\",\"url\":\"https:\\\/\\\/www.psykiatriroskilde.dk\\\/wp-content\\\/uploads\\\/2026\\\/05\\\/terese-knudstorp-3-e1777971251319.png\",\"contentUrl\":\"https:\\\/\\\/www.psykiatriroskilde.dk\\\/wp-content\\\/uploads\\\/2026\\\/05\\\/terese-knudstorp-3-e1777971251319.png\",\"width\":150,\"height\":150,\"caption\":\"Psykiatri Roskilde\"},\"image\":{\"@id\":\"https:\\\/\\\/www.psykiatriroskilde.dk\\\/#\\\/schema\\\/logo\\\/image\\\/\"}}]}<\/script>\n<!-- \/ Yoast SEO plugin. -->","yoast_head_json":{"title":"\u00c5bningstider - Psykiatri Roskilde","description":"Psykiater Terese Knudstorp, Psykiatri Roskilede","robots":{"index":"index","follow":"follow","max-snippet":"max-snippet:-1","max-image-preview":"max-image-preview:large","max-video-preview":"max-video-preview:-1"},"canonical":"https:\/\/www.psykiatriroskilde.dk\/index.php\/aabningstider\/","og_locale":"da_DK","og_type":"article","og_title":"\u00c5bningstider - Psykiatri Roskilde","og_description":"Psykiater Terese Knudstorp, Psykiatri Roskilede","og_url":"https:\/\/www.psykiatriroskilde.dk\/index.php\/aabningstider\/","og_site_name":"Psykiatri Roskilde","article_modified_time":"2025-04-08T07:01:15+00:00","twitter_card":"summary_large_image","schema":{"@context":"https:\/\/schema.org","@graph":[{"@type":"WebPage","@id":"https:\/\/www.psykiatriroskilde.dk\/index.php\/aabningstider\/","url":"https:\/\/www.psykiatriroskilde.dk\/index.php\/aabningstider\/","name":"\u00c5bningstider - Psykiatri Roskilde","isPartOf":{"@id":"https:\/\/www.psykiatriroskilde.dk\/#website"},"datePublished":"2025-04-07T13:40:59+00:00","dateModified":"2025-04-08T07:01:15+00:00","description":"Psykiater Terese Knudstorp, Psykiatri Roskilede","breadcrumb":{"@id":"https:\/\/www.psykiatriroskilde.dk\/index.php\/aabningstider\/#breadcrumb"},"inLanguage":"da-DK","potentialAction":[{"@type":"ReadAction","target":["https:\/\/www.psykiatriroskilde.dk\/index.php\/aabningstider\/"]}]},{"@type":"BreadcrumbList","@id":"https:\/\/www.psykiatriroskilde.dk\/index.php\/aabningstider\/#breadcrumb","itemListElement":[{"@type":"ListItem","position":1,"name":"Hjem","item":"https:\/\/www.psykiatriroskilde.dk\/"},{"@type":"ListItem","position":2,"name":"\u00c5bningstider"}]},{"@type":"WebSite","@id":"https:\/\/www.psykiatriroskilde.dk\/#website","url":"https:\/\/www.psykiatriroskilde.dk\/","name":"Psykiatri Roskilde","description":"","publisher":{"@id":"https:\/\/www.psykiatriroskilde.dk\/#organization"},"potentialAction":[{"@type":"SearchAction","target":{"@type":"EntryPoint","urlTemplate":"https:\/\/www.psykiatriroskilde.dk\/?s={search_term_string}"},"query-input":{"@type":"PropertyValueSpecification","valueRequired":true,"valueName":"search_term_string"}}],"inLanguage":"da-DK"},{"@type":"Organization","@id":"https:\/\/www.psykiatriroskilde.dk\/#organization","name":"Psykiatri Roskilde","url":"https:\/\/www.psykiatriroskilde.dk\/","logo":{"@type":"ImageObject","inLanguage":"da-DK","@id":"https:\/\/www.psykiatriroskilde.dk\/#\/schema\/logo\/image\/","url":"https:\/\/www.psykiatriroskilde.dk\/wp-content\/uploads\/2026\/05\/terese-knudstorp-3-e1777971251319.png","contentUrl":"https:\/\/www.psykiatriroskilde.dk\/wp-content\/uploads\/2026\/05\/terese-knudstorp-3-e1777971251319.png","width":150,"height":150,"caption":"Psykiatri Roskilde"},"image":{"@id":"https:\/\/www.psykiatriroskilde.dk\/#\/schema\/logo\/image\/"}}]}},"_links":{"self":[{"href":"https:\/\/www.psykiatriroskilde.dk\/index.php\/wp-json\/wp\/v2\/pages\/65","targetHints":{"allow":["GET"]}}],"collection":[{"href":"https:\/\/www.psykiatriroskilde.dk\/index.php\/wp-json\/wp\/v2\/pages"}],"about":[{"href":"https:\/\/www.psykiatriroskilde.dk\/index.php\/wp-json\/wp\/v2\/types\/page"}],"author":[{"embeddable":true,"href":"https:\/\/www.psykiatriroskilde.dk\/index.php\/wp-json\/wp\/v2\/users\/1"}],"replies":[{"embeddable":true,"href":"https:\/\/www.psykiatriroskilde.dk\/index.php\/wp-json\/wp\/v2\/comments?post=65"}],"version-history":[{"count":7,"href":"https:\/\/www.psykiatriroskilde.dk\/index.php\/wp-json\/wp\/v2\/pages\/65\/revisions"}],"predecessor-version":[{"id":108,"href":"https:\/\/www.psykiatriroskilde.dk\/index.php\/wp-json\/wp\/v2\/pages\/65\/revisions\/108"}],"wp:attachment":[{"href":"https:\/\/www.psykiatriroskilde.dk\/index.php\/wp-json\/wp\/v2\/media?parent=65"}],"curies":[{"name":"wp","href":"https:\/\/api.w.org\/{rel}","templated":true}]}}